{"id":1938,"date":"2026-04-28T07:45:50","date_gmt":"2026-04-28T07:45:50","guid":{"rendered":"https:\/\/www.simromi.org\/?page_id=1938"},"modified":"2026-04-29T09:06:39","modified_gmt":"2026-04-29T09:06:39","slug":"documentacion-prueba","status":"publish","type":"page","link":"https:\/\/www.simromi.org\/index.php\/documentacion-prueba\/","title":{"rendered":"Documentaci\u00f3n"},"content":{"rendered":"\n<div class=\"wp-block-group alignfull docs-hero is-layout-constrained wp-block-group-is-layout-constrained\">\n<p class=\"docs-hero-eyebrow\">\u2014 DOCUMENTACI\u00d3N \u2014<\/p>\n\n\n\n<h2 class=\"wp-block-heading docs-hero-title\">Documentaci\u00f3n<\/h2>\n\n\n\n<p class=\"docs-hero-subtitle\">Recursos, informes y materiales disponibles para consulta y descarga<\/p>\n<\/div>\n\n\n\n<div class=\"simromi-docs-intro\">\n  <p>\n    En este espacio reunimos materiales propios de Sim Romi que acercan nuestra identidad, trayectoria y trabajo comunitario. Documentos pensados para dar a conocer qui\u00e9nes somos, qu\u00e9 hacemos y c\u00f3mo contribuimos a la sensibilizaci\u00f3n, la formaci\u00f3n y la defensa de los derechos de las mujeres gitanas.\n  <\/p>\n<\/div>\n\n\n\n<div class=\"simromi-docs-divider\" aria-hidden=\"true\">\n  <span class=\"simromi-docs-divider-line\"><\/span>\n\n  <span class=\"simromi-docs-divider-icon\">\n    <svg viewBox=\"0 0 24 24\" fill=\"none\" stroke=\"currentColor\" stroke-width=\"1.8\" stroke-linecap=\"round\" stroke-linejoin=\"round\" aria-hidden=\"true\">\n      <path d=\"M7 3.5H14.5L19 8V20.5H7C5.9 20.5 5 19.6 5 18.5V5.5C5 4.4 5.9 3.5 7 3.5Z\"\/>\n      <path d=\"M14.5 3.5V8H19\"\/>\n      <path d=\"M8.5 12H15.5\"\/>\n      <path d=\"M8.5 15H15.5\"\/>\n      <path d=\"M8.5 18H13\"\/>\n    <\/svg>\n  <\/span>\n\n  <span class=\"simromi-docs-divider-line\"><\/span>\n<\/div>\n\n\n\n<div class=\"wp-block-group alignfull simromi-docs-grid is-layout-constrained wp-block-group-is-layout-constrained\">\n<article class=\"simromi-doc-card\">\n  <div class=\"simromi-doc-icon\">\n    <i class=\"fa-regular fa-folder-open\"><\/i>\n  <\/div>\n\n  <h3>Cartera de Servicios<\/h3>\n\n  <p>\n    Cat\u00e1logo de charlas, formaciones y actividades de Sim Romi para entidades, instituciones y espacios comunitarios.\n  <\/p>\n\n  <div class=\"simromi-doc-actions\">\n    <button \n      type=\"button\"\n      class=\"simromi-doc-btn simromi-doc-btn-outline simromi-open-flipbook\"\n      data-flipbook-target=\"cartera-flipbook\">\n      <i class=\"fa-regular fa-eye\"><\/i>\n      Visualizar\n    <\/button>\n\n    <a href=\"https:\/\/www.simromi.org\/wp-content\/uploads\/2026\/04\/E-CARTERA-DE-SERVICIOS-Email.pdf\" \n   download=\"cartera_servicios_simromi.pdf\"\n   class=\"simromi-doc-btn simromi-doc-btn-filled\">\n   <i class=\"fa-solid fa-download\"><\/i>\n   Descargar\n<\/a>\n  <\/div>\n<\/article>\n\n\n\n<article class=\"simromi-doc-card\">\n  <div class=\"simromi-doc-icon\">\n    <i class=\"fa-regular fa-map\"><\/i>\n  <\/div>\n\n  <h3>Tr\u00edptico Informativo Sim Romi<\/h3>\n\n  <p>\n    Presentaci\u00f3n general de la asociaci\u00f3n, sus objetivos, actividades, proyectos y trabajo con instituciones.\n  <\/p>\n\n  <div class=\"simromi-doc-actions\">\n    <button \n  type=\"button\"\n  class=\"simromi-doc-btn simromi-doc-btn-outline simromi-open-flipbook\"\n  data-flipbook-target=\"triptico-flipbook\">\n  <i class=\"fa-regular fa-eye\"><\/i>\n  Visualizar\n<\/button>\n\n    <a href=\"https:\/\/www.simromi.org\/wp-content\/uploads\/2026\/04\/TRIPTICO-SIM-ROMI.pdf\" \n   download=\"Triptico-Sim-Romi.pdf\"\n   class=\"simromi-doc-btn simromi-doc-btn-filled\">\n   <i class=\"fa-solid fa-download\"><\/i>\n   Descargar\n<\/a>\n  <\/div>\n<\/article>\n\n\n\n<article class=\"simromi-doc-card\">\n  <div class=\"simromi-doc-icon\">\n     <i class=\"fa-solid fa-book-open\"><\/i>\n  <\/div>\n\n  <h3>Lunares y Colores de la T\u00eda Victoria<\/h3>\n\n  <p>\n   Libro de poes\u00edas feministas sobre la voz, la memoria y la identidad de las mujeres gitanas.\n  <\/p>\n\n  <div class=\"simromi-doc-actions\">\n    <button \n  type=\"button\"\n  class=\"simromi-doc-btn simromi-doc-btn-outline simromi-open-flipbook\"\n  data-flipbook-target=\"poesia-flipbook\">\n  <i class=\"fa-regular fa-eye\"><\/i>\n  Visualizar\n<\/button>\n\n    <a href=\"https:\/\/regalacultura.org\/p\/lunares-y-colores\" target=\"_blank\"\n   download=\"Triptico-Sim-Romi.pdf\"\n   class=\"simromi-doc-btn simromi-doc-btn-filled\">\n   <i class=\"fa-solid fa-cart-shopping\"><\/i>\n   Comprar\n<\/a>\n  <\/div>\n<\/article>\n\n\n\n<article class=\"simromi-doc-card\">\n  <div class=\"simromi-doc-icon\">\n     <i class=\"fa-solid fa-camera-retro\"><\/i>\n  <\/div>\n\n  <h3>Mujeres Gitanas: Rompiendo el Imaginario<\/h3>\n\n  <p>\n    Exposici\u00f3n fotogr\u00e1fica sobre referentes, identidad y resistencia de las mujeres gitanas.\n  <\/p>\n\n  <div class=\"simromi-doc-actions\">\n    <button \n  type=\"button\"\n  class=\"simromi-doc-btn simromi-doc-btn-outline simromi-open-flipbook\"\n  data-flipbook-target=\"imaginario-flipbook\">\n  <i class=\"fa-regular fa-eye\"><\/i>\n  Visualizar\n<\/button>\n\n   <a href=\"https:\/\/www.simromi.org\/wp-content\/uploads\/2026\/04\/Mujeres-Gitanas-Rompiendo-el-Imaginario.pdf\" \n   download=\"Mujeres Gitanas - Rompiendo el Imaginario.pdf\"\n   class=\"simromi-doc-btn simromi-doc-btn-filled\">\n   <i class=\"fa-solid fa-download\"><\/i>\n   Descargar\n<\/a>\n  <\/div>\n<\/article>\n\n\n\n<article class=\"simromi-doc-card\">\n  <div class=\"simromi-doc-icon\">\n     <i class=\"fa-solid fa-book-open-reader\"><\/i>\n  <\/div>\n\n  <h3>Jani, Piri y Trina: Cuentos Gitanos<\/h3>\n\n  <p>\n    Cuentos infantiles de Soraya Motos sobre cultura, memoria y valores del pueblo gitano.\n  <\/p>\n\n  <div class=\"simromi-doc-actions\">\n    <button \n  type=\"button\"\n  class=\"simromi-doc-btn simromi-doc-btn-outline simromi-open-flipbook\"\n  data-flipbook-target=\"cuentos-flipbook\">\n  <i class=\"fa-regular fa-eye\"><\/i>\n  Visualizar\n<\/button>\n\n   <a href=\"https:\/\/www.simromi.org\/wp-content\/uploads\/2026\/04\/Jani_Piri_Trina-Cuentos-Gitanos.pdf\" \n   download=\"Jani_Piri_Trina Cuentos Gitanos.pdf\"\n   class=\"simromi-doc-btn simromi-doc-btn-filled\">\n   <i class=\"fa-solid fa-download\"><\/i>\n   Descargar\n<\/a>\n  <\/div>\n<\/article>\n<\/div>\n\n\n\n<div class=\"wp-block-group simromi-dflip-hidden triptico-flipbook is-layout-constrained wp-block-group-is-layout-constrained\"><div class=\"_df_thumb \" id=\"df_1981\"  _slug=\"triptico-informativo-sim-romi\" data-title=\"triptico-informativo-sim-romi\" wpoptions=\"true\" thumbtype=\"\" >Tr\u00edptico Informativo Sim Romi<\/div><script class=\"df-shortcode-script\" nowprocket type=\"application\/javascript\">window.option_df_1981 = {\"outline\":[],\"autoEnableOutline\":\"false\",\"autoEnableThumbnail\":\"false\",\"overwritePDFOutline\":\"false\",\"enableDownload\":\"false\",\"direction\":\"1\",\"pageSize\":\"0\",\"source\":\"http:\\\/\\\/www.simromi.org\\\/wp-content\\\/uploads\\\/2026\\\/04\\\/TRIPTICO-SIM-ROMI.pdf\",\"wpOptions\":\"true\"}; if(window.DFLIP && window.DFLIP.parseBooks){window.DFLIP.parseBooks();}<\/script>\n<\/div>\n\n\n\n<div class=\"wp-block-group simromi-dflip-hidden cartera-flipbook is-layout-constrained wp-block-group-is-layout-constrained\"><div class=\"_df_thumb \" id=\"df_2002\"  _slug=\"cartera-servicios-sim-romi\" data-title=\"cartera-servicios-sim-romi\" wpoptions=\"true\" thumbtype=\"\" >Cartera servicios Sim Romi<\/div><script class=\"df-shortcode-script\" nowprocket type=\"application\/javascript\">window.option_df_2002 = {\"outline\":[],\"autoEnableOutline\":\"false\",\"autoEnableThumbnail\":\"false\",\"overwritePDFOutline\":\"false\",\"enableDownload\":\"false\",\"direction\":\"1\",\"pageSize\":\"0\",\"source\":\"http:\\\/\\\/www.simromi.org\\\/wp-content\\\/uploads\\\/2026\\\/04\\\/E-CARTERA-DE-SERVICIOS-Email.pdf\",\"wpOptions\":\"true\"}; if(window.DFLIP && window.DFLIP.parseBooks){window.DFLIP.parseBooks();}<\/script>\n<\/div>\n\n\n\n<div class=\"wp-block-group simromi-dflip-hidden poesia-flipbook is-layout-constrained wp-block-group-is-layout-constrained\"><div class=\"_df_thumb \" id=\"df_2012\"  _slug=\"lunares-y-colores-sim-romi\" data-title=\"lunares-y-colores-sim-romi\" wpoptions=\"true\" thumbtype=\"\" >Lunares y colores Sim Romi<\/div><script class=\"df-shortcode-script\" nowprocket type=\"application\/javascript\">window.option_df_2012 = {\"outline\":[],\"autoEnableOutline\":\"false\",\"autoEnableThumbnail\":\"false\",\"overwritePDFOutline\":\"false\",\"enableDownload\":\"false\",\"direction\":\"1\",\"pageSize\":\"0\",\"source\":\"http:\\\/\\\/www.simromi.org\\\/wp-content\\\/uploads\\\/2026\\\/04\\\/No-quiero-dejar-de-ser-gitana.pdf\",\"wpOptions\":\"true\"}; if(window.DFLIP && window.DFLIP.parseBooks){window.DFLIP.parseBooks();}<\/script>\n<\/div>\n\n\n\n<div class=\"wp-block-group simromi-dflip-hidden imaginario-flipbook is-layout-constrained wp-block-group-is-layout-constrained\"><div class=\"_df_thumb \" id=\"df_2027\"  _slug=\"imaginario-sim-romi\" data-title=\"imaginario-sim-romi\" wpoptions=\"true\" thumbtype=\"\" >Imaginario Sim Romi<\/div><script class=\"df-shortcode-script\" nowprocket type=\"application\/javascript\">window.option_df_2027 = {\"outline\":[],\"autoEnableOutline\":\"false\",\"autoEnableThumbnail\":\"false\",\"overwritePDFOutline\":\"false\",\"enableDownload\":\"false\",\"direction\":\"1\",\"pageSize\":\"0\",\"source\":\"http:\\\/\\\/www.simromi.org\\\/wp-content\\\/uploads\\\/2026\\\/04\\\/Mujeres-Gitanas-Rompiendo-el-Imaginario.pdf\",\"wpOptions\":\"true\"}; if(window.DFLIP && window.DFLIP.parseBooks){window.DFLIP.parseBooks();}<\/script>\n<\/div>\n\n\n\n<div class=\"wp-block-group simromi-dflip-hidden cuentos-flipbook is-layout-constrained wp-block-group-is-layout-constrained\"><div class=\"_df_thumb \" id=\"df_2044\"  _slug=\"jani_piri_trina-cuentos-gitanos\" data-title=\"jani_piri_trina-cuentos-gitanos\" wpoptions=\"true\" thumbtype=\"\" >Jani_Piri_Trina Cuentos Gitanos<\/div><script class=\"df-shortcode-script\" nowprocket type=\"application\/javascript\">window.option_df_2044 = {\"outline\":[],\"autoEnableOutline\":\"false\",\"autoEnableThumbnail\":\"false\",\"overwritePDFOutline\":\"false\",\"enableDownload\":\"false\",\"direction\":\"1\",\"pageSize\":\"0\",\"source\":\"http:\\\/\\\/www.simromi.org\\\/wp-content\\\/uploads\\\/2026\\\/04\\\/Jani_Piri_Trina-Cuentos-Gitanos.pdf\",\"wpOptions\":\"true\"}; if(window.DFLIP && window.DFLIP.parseBooks){window.DFLIP.parseBooks();}<\/script>\n<\/div>\n\n\n\n<div class=\"wp-block-group alignfull kdk-footer is-layout-constrained wp-block-group-is-layout-constrained\">\n<div class=\"wp-block-group alignfull kdk-footer-topline is-layout-constrained wp-block-group-is-layout-constrained\"><\/div>\n\n\n\n<div class=\"wp-block-group alignfull kdk-footer-main is-layout-constrained wp-block-group-is-layout-constrained\">\n<div class=\"wp-block-columns kdk-footer-columns is-layout-flex wp-container-core-columns-is-layout-28f84493 wp-block-columns-is-layout-flex\">\n<div class=\"wp-block-column kdk-footer-brand is-layout-flow wp-block-column-is-layout-flow\" style=\"flex-basis:30%\">\n<figure class=\"wp-block-image size-full\"><img fetchpriority=\"high\" decoding=\"async\" width=\"1315\" height=\"1458\" src=\"http:\/\/www.simromi.org\/wp-content\/uploads\/2026\/04\/logo_simromi_fondooscuro_sin.png\" alt=\"\" class=\"wp-image-1053\" srcset=\"https:\/\/www.simromi.org\/wp-content\/uploads\/2026\/04\/logo_simromi_fondooscuro_sin.png 1315w, https:\/\/www.simromi.org\/wp-content\/uploads\/2026\/04\/logo_simromi_fondooscuro_sin-271x300.png 271w, https:\/\/www.simromi.org\/wp-content\/uploads\/2026\/04\/logo_simromi_fondooscuro_sin-924x1024.png 924w, https:\/\/www.simromi.org\/wp-content\/uploads\/2026\/04\/logo_simromi_fondooscuro_sin-768x852.png 768w\" sizes=\"(max-width: 1315px) 100vw, 1315px\" \/><\/figure>\n\n\n\n<h2 class=\"wp-block-heading kdk-brand-name\">Asociaci\u00f3n de Mujeres Gitanas<\/h2>\n\n\n\n<div class=\"wp-block-group kdk-footer-social is-layout-constrained wp-block-group-is-layout-constrained\">\n<div class=\"simromi-footer-social-wrapper\">\n  <div class=\"simromi-footer-social-header\">\n    <a href=\"https:\/\/www.facebook.com\/gitanassimromi?rdid=VqSJslIPdFP5lSzy&amp;share_url=https%3A%2F%2Fwww.facebook.com%2Fshare%2F18F2GeLYE1%2F#\" target=\"_blank\" rel=\"noopener\" aria-label=\"Facebook\">\n      <i class=\"fab fa-facebook-f\"><\/i>\n    <\/a>\n\n    <a href=\"https:\/\/www.instagram.com\/simromielkartea?igsh=enhvY3hncmtncWx6\" target=\"_blank\" rel=\"noopener\" aria-label=\"Instagram\">\n      <i class=\"fab fa-instagram\"><\/i>\n    <\/a>\n\n    <a href=\"https:\/\/www.youtube.com\/channel\/UCy1sWYrG1_iKQ4yBSM4G9pg\" target=\"_blank\" rel=\"noopener\" aria-label=\"YouTube\">\n      <i class=\"fab fa-youtube\"><\/i>\n    <\/a>\n\n    <a href=\"https:\/\/www.tiktok.com\/@gitanassimromi?_r=1&amp;_t=ZN-952GpYHZ9E3\" target=\"_blank\" rel=\"noopener\" aria-label=\"TikTok\">\n      <i class=\"fab fa-tiktok\"><\/i>\n    <\/a>\n  <\/div>\n<\/div>\n<\/div>\n<\/div>\n\n\n\n<div class=\"wp-block-column is-layout-flow wp-block-column-is-layout-flow\" style=\"flex-basis:2%\"><\/div>\n\n\n\n<div class=\"wp-block-column kdk-footer-col is-layout-flow wp-block-column-is-layout-flow\" style=\"flex-basis:19%\">\n<h2 class=\"wp-block-heading kdk-footer-title\">NAVEGACI\u00d3N<\/h2>\n\n\n\n<ul class=\"wp-block-list kdk-footer-links\">\n<li><a href=\"https:\/\/www.simromi.org\/\" data-type=\"link\" data-id=\"https:\/\/www.simromi.org\/\">Inicio<\/a><\/li>\n\n\n\n<li><a href=\"https:\/\/www.simromi.org\/index.php\/actividades\/\">Actividades<\/a><\/li>\n\n\n\n<li><a href=\"https:\/\/www.simromi.org\/index.php\/incidencia-socio-politica\/\" data-type=\"link\" data-id=\"https:\/\/www.simromi.org\/index.php\/incidencia-socio-politica\/\">Incidencia Socio-pol\u00edtica<\/a><\/li>\n\n\n\n<li><a href=\"https:\/\/www.simromi.org\/index.php\/somos-noticia\/\" data-type=\"link\" data-id=\"https:\/\/www.simromi.org\/index.php\/somos-noticia\/\">Somos noticia<\/a><\/li>\n\n\n\n<li><a href=\"https:\/\/www.simromi.org\/index.php\/documentacion\/\" data-type=\"link\" data-id=\"https:\/\/www.simromi.org\/index.php\/documentacion\/\">Documentaci\u00f3n<\/a><\/li>\n\n\n\n<li><a href=\"https:\/\/www.simromi.org\/index.php\/contactanos\/\" data-type=\"link\" data-id=\"https:\/\/www.simromi.org\/index.php\/contactanos\/\">Cont\u00e1ctanos<\/a><\/li>\n<\/ul>\n<\/div>\n\n\n\n<div class=\"wp-block-column kdk-footer-col is-layout-flow wp-block-column-is-layout-flow\" style=\"flex-basis:24%\">\n<h2 class=\"wp-block-heading kdk-footer-title\">CONTACTO<\/h2>\n\n\n\n<div class=\"wp-block-group kdk-footer-contact is-layout-constrained wp-block-group-is-layout-constrained\">\n<div class=\"kdk-footer-contact\">\n\n  <!-- SEDES -->\n  <div class=\"kdk-contact-group kdk-contact-sedes\">\n\n    <div class=\"kdk-sede-item\">\n      <span class=\"kdk-sede-label\">Sede Bilbao<\/span>\n\n      <span class=\"kdk-location-tooltip\" tabindex=\"0\" aria-label=\"Ver direcci\u00f3n sede Bilbao\">\n        <svg viewBox=\"0 0 24 24\" fill=\"none\" stroke=\"currentColor\" stroke-width=\"2\">\n          <path d=\"M21 10c0 7-9 13-9 13S3 17 3 10a9 9 0 1 1 18 0z\"><\/path>\n          <circle cx=\"12\" cy=\"10\" r=\"3\"><\/circle>\n        <\/svg>\n        <span class=\"kdk-tooltip-box\">\n          C\/ Ondarroa 14 bajo puerta 4<br>\n          48004 Bilbao, Bizkaia\n        <\/span>\n      <\/span>\n    <\/div>\n\n    <div class=\"kdk-sede-item\">\n      <span class=\"kdk-sede-label\">Sede Barakaldo<\/span>\n\n      <span class=\"kdk-location-tooltip\" tabindex=\"0\" aria-label=\"Ver direcci\u00f3n sede Barakaldo\">\n        <svg viewBox=\"0 0 24 24\" fill=\"none\" stroke=\"currentColor\" stroke-width=\"2\">\n          <path d=\"M21 10c0 7-9 13-9 13S3 17 3 10a9 9 0 1 1 18 0z\"><\/path>\n          <circle cx=\"12\" cy=\"10\" r=\"3\"><\/circle>\n        <\/svg>\n        <span class=\"kdk-tooltip-box\">\n          C\/ La Paz 6<br>\n          48902 Barakaldo, Bizkaia\n        <\/span>\n      <\/span>\n    <\/div>\n\n  <\/div>\n\n  <!-- L\u00cdNEA SEPARADORA -->\n  <div class=\"kdk-contact-divider\"><\/div>\n\n  <!-- TEL\u00c9FONO -->\n  <div class=\"kdk-contact-row\">\n    <span class=\"kdk-contact-icon\">\n      <svg viewBox=\"0 0 24 24\" fill=\"none\" stroke=\"currentColor\" stroke-width=\"2\">\n        <path d=\"M22 16.92v3a2 2 0 0 1-2.18 2 19.8 19.8 0 0 1-8.63-3.07 19.5 19.5 0 0 1-6-6A19.8 19.8 0 0 1 2.08 4.18 2 2 0 0 1 4.06 2h3a2 2 0 0 1 2 1.72c.12.9.33 1.78.63 2.62a2 2 0 0 1-.45 2.11L8 9.94a16 16 0 0 0 6.06 6.06l1.49-1.24a2 2 0 0 1 2.11-.45c.84.3 1.72.51 2.62.63A2 2 0 0 1 22 16.92z\"><\/path>\n      <\/svg>\n    <\/span>\n    <a href=\"tel:+34641145968\">+34 641 14 59 68<\/a>\n  <\/div>\n\n  <!-- EMAIL -->\n  <div class=\"kdk-contact-row\">\n    <span class=\"kdk-contact-icon\">\n      <svg viewBox=\"0 0 24 24\" fill=\"none\" stroke=\"currentColor\" stroke-width=\"2\">\n        <path d=\"M4 6l8 7 8-7\"><\/path>\n        <rect x=\"3\" y=\"5\" width=\"18\" height=\"14\" rx=\"2\"><\/rect>\n      <\/svg>\n    <\/span>\n    <a href=\"mailto:simromi@simromi.org\">simromi@simromi.org<\/a>\n  <\/div>\n\n<\/div>\n<\/div>\n<\/div>\n\n\n\n<div class=\"wp-block-column kdk-footer-col is-layout-flow wp-block-column-is-layout-flow\" style=\"flex-basis:25%\">\n<h2 class=\"wp-block-heading kdk-footer-title\">LEGAL<\/h2>\n\n\n\n<ul class=\"wp-block-list kdk-footer-links\">\n<li><a href=\"https:\/\/www.simromi.org\/index.php\/politica-de-privacidad\/\" data-type=\"page\" data-id=\"1064\">Pol\u00edtica de privacidad<\/a><\/li>\n\n\n\n<li><a href=\"https:\/\/www.simromi.org\/index.php\/aviso-legal\/\" data-type=\"page\" data-id=\"1067\">Aviso legal <\/a><\/li>\n\n\n\n<li><a href=\"https:\/\/www.simromi.org\/index.php\/politica-de-cookies\/\" data-type=\"page\" data-id=\"1070\">Pol\u00edtica de cookies<\/a><\/li>\n<\/ul>\n\n\n\n<div class=\"kdk-footer-donate\">\n  <a href=\"http:\/\/www.simromi.org\/wp-content\/uploads\/2026\/04\/E-CARTERA-DE-SERVICIOS-Email.pdf\" target=\"_blank\" rel=\"noopener\" class=\"kdk-footer-donate-btn\">\n    <span class=\"kdk-btn-icon\">\n      <svg viewBox=\"0 0 24 24\" fill=\"none\" stroke=\"currentColor\" stroke-width=\"2\" stroke-linecap=\"round\" stroke-linejoin=\"round\" aria-hidden=\"true\">\n        <path d=\"M4 4h16v16H4z\"\/>\n        <path d=\"M8 8h8\"\/>\n        <path d=\"M8 12h8\"\/>\n        <path d=\"M8 16h5\"\/>\n      <\/svg>\n    <\/span>\n    <span>Cartera de servicios<\/span>\n  <\/a>\n<\/div>\n<\/div>\n<\/div>\n<\/div>\n\n\n\n<div class=\"wp-block-group kdk-footer-bottom is-layout-constrained wp-block-group-is-layout-constrained\">\n<div class=\"wp-block-columns kdk-footer-bottom-row is-layout-flex wp-container-core-columns-is-layout-28f84493 wp-block-columns-is-layout-flex\">\n<div class=\"wp-block-column is-layout-flow wp-block-column-is-layout-flow\">\n<p class=\"kdk-footer-copy\">\u00a9 2026 Sim romi \u2014 Todos los derechos reservados<\/p>\n<\/div>\n<\/div>\n<\/div>\n<\/div>\n","protected":false},"excerpt":{"rendered":"<p>\u2014 DOCUMENTACI\u00d3N \u2014 Documentaci\u00f3n Recursos, informes y materiales disponibles para consulta y descarga En este espacio reunimos materiales propios de [&hellip;]<\/p>\n","protected":false},"author":1,"featured_media":0,"parent":0,"menu_order":0,"comment_status":"closed","ping_status":"closed","template":"","meta":{"site-sidebar-layout":"default","site-content-layout":"","ast-site-content-layout":"default","site-content-style":"default","site-sidebar-style":"default","ast-global-header-display":"","ast-banner-title-visibility":"","ast-main-header-display":"","ast-hfb-above-header-display":"","ast-hfb-below-header-display":"","ast-hfb-mobile-header-display":"","site-post-title":"disabled","ast-breadcrumbs-content":"","ast-featured-img":"","footer-sml-layout":"","ast-disable-related-posts":"","theme-transparent-header-meta":"","adv-header-id-meta":"","stick-header-meta":"","header-above-stick-meta":"","header-main-stick-meta":"","header-below-stick-meta":"","astra-migrate-meta-layouts":"default","ast-page-background-enabled":"default","ast-page-background-meta":{"desktop":{"background-color":"var(--ast-global-color-5)","background-image":"","background-repeat":"repeat","background-position":"center center","background-size":"auto","background-attachment":"scroll","background-type":"","background-media":"","overlay-type":"","overlay-color":"","overlay-opacity":"","overlay-gradient":""},"tablet":{"background-color":"","background-image":"","background-repeat":"repeat","background-position":"center center","background-size":"auto","background-attachment":"scroll","background-type":"","background-media":"","overlay-type":"","overlay-color":"","overlay-opacity":"","overlay-gradient":""},"mobile":{"background-color":"","background-image":"","background-repeat":"repeat","background-position":"center center","background-size":"auto","background-attachment":"scroll","background-type":"","background-media":"","overlay-type":"","overlay-color":"","overlay-opacity":"","overlay-gradient":""}},"ast-content-background-meta":{"desktop":{"background-color":"var(--ast-global-color-4)","background-image":"","background-repeat":"repeat","background-position":"center center","background-size":"auto","background-attachment":"scroll","background-type":"","background-media":"","overlay-type":"","overlay-color":"","overlay-opacity":"","overlay-gradient":""},"tablet":{"background-color":"var(--ast-global-color-4)","background-image":"","background-repeat":"repeat","background-position":"center center","background-size":"auto","background-attachment":"scroll","background-type":"","background-media":"","overlay-type":"","overlay-color":"","overlay-opacity":"","overlay-gradient":""},"mobile":{"background-color":"var(--ast-global-color-4)","background-image":"","background-repeat":"repeat","background-position":"center center","background-size":"auto","background-attachment":"scroll","background-type":"","background-media":"","overlay-type":"","overlay-color":"","overlay-opacity":"","overlay-gradient":""}},"footnotes":""},"class_list":["post-1938","page","type-page","status-publish","hentry"],"_links":{"self":[{"href":"https:\/\/www.simromi.org\/index.php\/wp-json\/wp\/v2\/pages\/1938","targetHints":{"allow":["GET"]}}],"collection":[{"href":"https:\/\/www.simromi.org\/index.php\/wp-json\/wp\/v2\/pages"}],"about":[{"href":"https:\/\/www.simromi.org\/index.php\/wp-json\/wp\/v2\/types\/page"}],"author":[{"embeddable":true,"href":"https:\/\/www.simromi.org\/index.php\/wp-json\/wp\/v2\/users\/1"}],"replies":[{"embeddable":true,"href":"https:\/\/www.simromi.org\/index.php\/wp-json\/wp\/v2\/comments?post=1938"}],"version-history":[{"count":80,"href":"https:\/\/www.simromi.org\/index.php\/wp-json\/wp\/v2\/pages\/1938\/revisions"}],"predecessor-version":[{"id":2064,"href":"https:\/\/www.simromi.org\/index.php\/wp-json\/wp\/v2\/pages\/1938\/revisions\/2064"}],"wp:attachment":[{"href":"https:\/\/www.simromi.org\/index.php\/wp-json\/wp\/v2\/media?parent=1938"}],"curies":[{"name":"wp","href":"https:\/\/api.w.org\/{rel}","templated":true}]}}